55*h - 3. Let s be z(-2). Suppose 6*v - 255 = s. Is v a prime number?
True
Let j(t) = 3 - 8*t + 8*t - t**2. Let u be j(0). Suppose 545 = 2*g - u*o, 2*g = 2*o + 2*o + 550. Is g a prime number?
False
Suppose -425443 = -2*b - 3*n, -3*b + 2*b - 3*n + 212720 = 0. Is b prime?
False
Suppose 4*t - 2*j = -t - 1682, -998 = 3*t - 4*j. Let u = -203 - t. Let s = -82 + u. Is s a composite number?
False
Is 4 + -1 - (-4 - (11450 - -6)) composite?
True
Let f = -20 - -45. Let z(g) = -g**2 + 30*g + 2. Is z(f) composite?
False
Suppose 0 = -4*g + g + 18. Let h be (7 + -3)*g/8. Suppose o + h*c = 350, -o + c + 288 + 66 = 0. Is o prime?
True
Let m(u) = -558*u**3 - 2*u**2 - u. Let d(k) = -2*k - 1. Let v be d(-6). Suppose -5*w + 3*s + 0*s - v = 0, 3*w - s + 5 = 0. Is m(w) composite?
False
Let i(s) = -2*s. Let t be i(-3). Suppose 7*r - t*r = 557. Is r a prime number?
True
Suppose 0 = g + 5*r + 2, 0 = 5*g + r - 4*r - 74. Suppose 19*z - 2010 = g*z. Is z a prime number?
False
Suppose 0 = -s + 10 + 112. Suppose 104 + s = n. Suppose f = -f + n. Is f a composite number?
False
Let y(u) = 2*u**3 - 3*u**2 + 3*u + 2. Let p = -13 + 14. Let t = 2 + p. Is y(t) composite?
True
Suppose -31*g = 11*g - 97734. Is g prime?
False
Suppose -3*a + 64823 = -2*b + 4*b, -2*b - 2*a + 64820 = 0. Is b a composite number?
True
Suppose 0 = -5*f - m + 884, -2*m = 3*f + 3*m - 548. Suppose l - f = 3*l. Let o = l - -443. Is o a prime number?
False
Let p(m) = -m**3 + 27 - 12 + 0*m + 0*m**3 + m - 15*m**2. Let i be p(-13). Let t = -7 - i. Is t prime?
False
Let l(k) = 0*k**2 - k**2 + k + 78 + 253. Let c = 62 - 62. Is l(c) a composite number?
False
Let m(x) = -81*x**3 - 10*x**2 - 26*x - 6. Is m(-7) a prime number?
False
Let z(l) = -l**3 + 3*l**2 - l + 9. Let m be z(4). Let b = 16 + m. Suppose 3*f - 2*o - 102 = -b*o, 0 = -3*f + 2*o + 107. Is f a composite number?
True
Let v = -242 + 510. Is v + -1 + -1 - 1 composite?
True
Let t(c) = c**3 - c**2 - c + 2. Let m be t(0). Is (m*(-269)/4)/(13/(-26)) a prime number?
True
Suppose 45*k - 41*k = 2*n + 162524, 2*k - 81262 = 3*n. Is k composite?
True
Let x = -26 - -29. Suppose -q + 4*n = x*q - 1264, q + 4*n = 341. Is q prime?
False
Let w(f) = -4 - 7*f + 3 + 276*f**3 + 7*f. Let h be w(1). Let t = -154 + h. Is t a composite number?
True
Let d be (4 - (2 - 0)) + -16. Let u = 20 + d. Suppose -256 = -2*r + 2*m, -2*r - 507 = -u*r - m. Is r prime?
True
Let j = -15 + 16. Is (-1)/((5/(-2455))/j) a composite number?
False
Suppose 3*v - 6 = 0, 5*k + 1399 = -5*v + 6244. Suppose 2*o - 309 = -n, -3*n + 6*o = 2*o - k. Is n a composite number?
False
Let h = 17 - 131. Is (-3 + 9)/(-2) - h prime?
False
Let h be 6/27 + 16/9. Suppose -4*g + h*n + 3*n = 5, 3*g = -5*n + 40. Suppose 2052 = 3*u - f, -2*u = -3*f + g*f - 1360. Is u a composite number?
False
Let m = 1 - -3. Suppose c - 5*d = m*c - 32, -4 = -5*c + 4*d. Is 655 + c + -2 + -2 composite?
True
Let z be (1 + 4)/(-5) - (4 + -1). Is 2 + 1 + z - (0 - 112) a prime number?
False
Let i(t) be the second derivative of 11/3*t**4 + 0 + 8*t + 1/3*t**3 + 5/2*t**2. Is i(5) a prime number?
False
Let l be (3 - (-1 + 2)) + 575. Suppose -4*c + 2*c = 2*m - 380, 3*c = 4*m + l. Is c prime?
True
Suppose 132*y - 149*y = -28373. Is y a prime number?
True
Let g = 7720 - 4370. Let m = g + -2347. Is m composite?
True
Let g(t) = t + 48. Let i be g(22). Let m = i + 96. Is m composite?
True
Let h(n) = 1 + n - 4 - 4. Let i be h(7). Is (1 - -142)*(i - -1) a composite number?
True
Let f(g) be the second derivative of g**4/12 + g**3/2 - 9*g**2/2 + 38*g. Is f(-8) composite?
False
Let q = 312 - 217. Let t = 18 - q. Is (-2)/(-11) + (-31325)/t composite?
True
Let l(z) = 663*z - 469. Is l(18) a prime number?
False
Suppose 0 = -2*t - i + 4, 0 = t + 5*i - 5 + 3. Suppose 3*k - 4*f - 3142 = -799, f + 1562 = t*k. Is k a composite number?
True
Suppose 2*u - 20826 = -4*t + 17788, -4*u + 77201 = -t. Is u a composite number?
False
Suppose 45734 + 75242 = 16*p. Is p a prime number?
True
Is (-219828)/(-20) + (-22)/55 a composite number?
True
Let n be 64/(-16)*(-70)/8. Let d = n + -32. Suppose 3*j = -3*p + 2070, d*j = 4*j - 5*p - 672. Is j a prime number?
False
Suppose -a - 3*a - 30 = -5*h, -4*h + 3 = a. Suppose 293 = 2*l + x, 3*l - h*l - 147 = -x. Suppose 5*o - k - 2*k - l = 0, -4*k + 12 = 0. Is o a composite number?
False
Suppose 4*p - 25 = -5. Suppose 0 = -p*s - 0*s + 60. Is 6873/s - (-2)/8 a composite number?
True
Suppose -5*t - 2*u = -0*u + 2, 5*u - 20 = 0. Let f be 420/100 + t/10. Suppose 2*a + 419 + 225 = 4*q, 0 = 5*q + f*a - 805. Is q prime?
False
Suppose 5*p = -r + 1302, -2*r - 4*p + 3851 = r. Is r composite?
False
Is 14591*3/(24/56) composite?
True
Let d be (-2)/((-2 + 0)/2). Let f(j) be the first derivative of 29*j**2/2 - 5*j - 18. Is f(d) a prime number?
True
Suppose -20*l + 388130 = 54*l. Is l prime?
False
Let b(a) = -95*a + 6. Suppose 5*s - o + 16 = 0, 0 = 6*s - 3*s - 4*o + 13. Is b(s) composite?
True
Suppose -2454 = -4*j + 10*o - 8*o, -3*j - 2*o + 1823 = 0. Is j composite?
True
Suppose 3*q + 369856 = 5*j, -73982 = -j - 4*q + q. Is j composite?
False
Let s(i) = 36*i + 16519. Is s(0) composite?
False
Let w = 61 + -58. Suppose w*q + 2744 = 4*o, -2*o = -5*o + 4*q + 2051. Is o composite?
True
Suppose -5*x = -20, 0 = u + u - 4*x + 12. Suppose 5*t - 97 = -4*p, -5*t + 51 = -0*p + u*p. Is p a prime number?
True
Is 0/(-40 + 21) - (-29371)/1 a composite number?
True
Let z(l) = 1. Let k(x) = -x**2 - x + 159. Let j(f) = k(f) + 2*z(f). Suppose -9*r = r. Is j(r) composite?
True
Suppose 2169 = p - 2100. Is p prime?
False
Is (4/8)/((-6)/(-39918))*10 a composite number?
True
Let u(b) = -4*b + 5. Let p be u(4). Let k be 6/(-6)*1*p. Suppose 10*a + 254 = k*a. Is a composite?
True
Let a = -44 - -80. Let w = a - 30. Suppose -3*d = -w*d + 747. Is d a composite number?
True
Suppose 4*y = -8 + 24. Suppose 6*g = y*g + 1918. Is g prime?
False
Let d = 1308 - 883. Let h = d + 186. Is h composite?
True
Suppose -10*x + 2*t = -7*x - 218957, -2*x - 3*t + 145993 = 0. Is x a composite number?
True
Let t be -3086*4*3/24. Let g = t + 3310. Suppose 5*j - 5*f = 2925, -3*j - 2*f + g = f. Is j a prime number?
True
Suppose -5*k + 96068 = d, 4*d - 34642 = 3*k + 349561. Is d a prime number?
True
Let w = -8894 - -15505. Is w a prime number?
False
Let h(j) = -7*j**2 - 3*j + 17. Let r be h(-7). Let q be (-3 + -1 + 3)*r. Suppose 4*d - q = 427. Is d a prime number?
False
Let a = 208 - 106. Suppose 4*p - 7*p = -a. Suppose 5*q + 23 + 40 = 2*s, 3*q + p = s. Is s prime?
True
Suppose -5885 = -10*n + 5*n. Is n a composite number?
True
Let o(s) = -2*s - 4. Let q be o(-5). Suppose 5*g = 5*t + 140, -5*g + 2*t = -141 + 4. Let a = g - q. Is a composite?
True
Let g(l) = -90*l + 373. Is g(-7) a composite number?
True
Suppose -137*m + 146*m - 2961 = 0. Is m a prime number?
False
Let b(m) = -449*m**3 + 20*m**2 - 17*m + 8. Is b(-6) prime?
False
Let f(p) = -4*p**3 - 2*p**2 + 3*p + 2. Let a be f(-2). Suppose -51*o = -50*o - 17. Let j = a + o. Is j composite?
False
Suppose 10*z = 13*z. Suppose 4*u - 3*u - 2001 = z. Is u/15 + (-2)/5 composite?
True
Let p = 95 - -96. Suppose 0 = -o + 62 + p. Is o prime?
False
Let u be 897 - 5/(20/12). Suppose 21*h - 19*h = u. Is h a prime number?
False
Suppose 2*y + 4*z = 18, -4 + 10 = 2*y - 2*z. Suppose -2*t - 2*t - 5*d - 721 = 0, y*t + 5*d = -905. Let r = -87 - t. Is r composite?
False
Let w(p) = 4785*p - 177. Is w(6) a prime number?
False
Let a = 338 - 20. Let o = 275 + a. Is o composite?
False
Let l(i) = 0*i - 2 + 2*i - 3 - 5. Let k be l(7). Suppose -9*r + k*r + 275 = 0. Is r a composite number?
True
Suppose -3*c + 3*f + 36712 = -19808, 0 = -3*c - 4*f + 56506. Is c a composite number?
True
Suppose -33*g + 32836 = -29*g. Is g a prime number?
True
Let w be 30/6 + 4*1. Let x(a) = 4*a**2 + 10*a - 17. Is x(w) prime?
True
Let l = -20 - -20. Suppose l = z - 76 - 39. Is z prime?
False
Let q(s) = s**3 + 20*s**2 - 28*s + 27. Let r(p) = 4*p**2 - 31*p + 1. Let v be r(7). Is q(v) a prime number?
True
Let t = 6319 + -4148. Is t prime?
False
Suppose 0 = 3*y - 15, -f + 8*y - 662 = 3*y. Let x = 558 - f. Is x a composite number?
True
Suppose 0 = 4*f - b - 15921, 0*b + 19870 = 5*f + 5*b. Is f prime?
False
Suppose 194 + 456 = 5*k. Let p = k - 47. Is p a composite number?
False
Is (102/(-48) - -2) + (-139460)/(-32) prim